Suppose 0 = 5*o - 4*c + 5296, c + 1045 - 5273 = 4*o. Let q be o/10*60/(-18). Suppose -3*z = -4*y + 1170 + q, 2*z = 5*y - 1899. Is y a composite number?
False
Let s(l) = 43*l - 26. Let o = -29 - -40. Is s(o) composite?
True
Is (3/(-2) - 10/(-5))*2876 a composite number?
True
Let h be ((-39)/(-12))/((-2)/(-8)). Suppose -4 = -4*k + 2*t, -k - h = -0*k - 4*t. Suppose -209 = -u - x, -2*u = -3*u + k*x + 209. Is u composite?
True
Suppose 3*l = -4*y + 94, 20 = -5*l - 3*y + 173. Is ((-118)/5)/((-12)/l) a prime number?
True
Let s = 19 + -16. Let a = -61 + 129. Suppose -3*j = 2*t - t - a, 0 = -5*t + s*j + 286. Is t composite?
False
Let y(j) = 2*j + 39. Let l be y(13). Suppose -l*d + 1154 = -64*d. Is d a prime number?
False
Suppose 58*q - 63*q = -470. Suppose -q = a - 6605. Is a composite?
True
Suppose 5*u = 5*g - 30, -u = 4*g + 3*u - 8. Suppose -2*y + 1370 = g*a, 5*a = 4*y - 2*y - 1343. Is y a prime number?
False
Let b(n) be the first derivative of 53*n**2/2 - 3*n + 12. Is b(4) prime?
False
Let y(d) = 11*d**2 - 4*d - 3. Let o = -24 + 28. Is y(o) a composite number?
False
Let o be -3 + (40/(-5) - 3). Let r(y) = 2*y**2 - 8*y + 37. Is r(o) composite?
False
Suppose 9*q = 4*q. Suppose q*n - 2*w + 38 = 2*n, 5*n = -w + 83. Suppose n*s + 790 = 21*s. Is s a prime number?
False
Suppose -1722 - 7198 = 5*q. Let l be q/4*3/(-6). Suppose 20*d - 19*d - l = 0. Is d prime?
True
Let q(u) = -u**3 + 49*u**2 + 5*u - 14. Is q(21) a prime number?
False
Let s be (-3)/((9/463)/(-3)). Suppose 4*g - 709 = s. Is g a composite number?
False
Let j be 4/(-16) - 13/(-4). Let g be -1 + 10 - (j - 6). Let o = 25 - g. Is o a composite number?
False
Suppose 159*x - 1924 = 155*x. Is x prime?
False
Let c be (-4)/5 + 28/10. Suppose 0*u - 1146 = -c*u. Is u prime?
False
Suppose -4*s = -2*j + 320, 0 = -5*j + 11*s - 7*s + 812. Let c = 795 - j. Is c a prime number?
True
Let s(i) = -4*i**3 - 6 - 3*i + 3*i**3 - 4*i**2 + 0*i. Let r be s(-4). Suppose 7 + r = v. Is v a composite number?
False
Let b(i) be the second derivative of -3*i**5/10 - i**4/3 - i**3/2 + i**2/2 - 2*i. Let s be b(-4). Suppose -4*t = -t - s. Is t prime?
False
Let w be 0 - (-4)/30 - 2692/(-60). Suppose d - 70 = w. Is d prime?
False
Let y(a) = 1260*a + 121. Is y(12) prime?
True
Suppose 3*k - 4*k = -5*c - 21, 4*c + k + 15 = 0. Let u be (-104)/28 - c/(-14). Let b(v) = 12*v**2 - v - 5. Is b(u) a composite number?
False
Is ((-2559)/(-6))/(1/2) composite?
False
Let h(k) = -k - 9. Let l be h(-14). Suppose -l*q - 2292 = -9*q. Is q a prime number?
False
Let j = -59 - -64. Suppose 3*g = j*w - 19790, 9*w + 5*g - 19830 = 4*w. Is w a prime number?
False
Suppose 0 = 11*v - 30413 + 7522. Is v a composite number?
False
Let m(f) = 387*f. Suppose x = 3*x + 6. Let y be m(x). Is y/(-12) + 1/4 a prime number?
True
Let h(t) = -3*t + t**2 + 7*t - 5*t - 7. Let l(v) = -2*v + 2. Let x be l(-4). Is h(x) composite?
False
Suppose u = k - 3642, -3*k = 2*u + u - 10950. Is k a prime number?
False
Suppose 0 = 2*z - 1851 + 159. Suppose 5*j - 429 - z = -5*q, -5*q - 279 = -j. Is j prime?
False
Let k = -13 - -15. Suppose 3*z + 9 = -4*d, -k*z = -5*d + 6 - 0. Suppose 2*w = 4*o - 754, -3*o - 4*w + 155 + 438 = d. Is o prime?
True
Suppose 334525 = 60*g - 35*g. Is g a prime number?
True
Let s(r) = 6*r**3 - 8*r**2 - 6*r + 13. Is s(10) composite?
False
Let m(r) = r**3 + 11*r**2 - 15*r + 15. Let o = 12 + -21. Let b(y) = y**3 + 10*y**2 + 9*y - 12. Let v be b(o). Is m(v) prime?
False
Is (-7 - (-1 + 2)) + 4161 a prime number?
True
Let t be ((-12)/5)/((-1)/15). Let k be 25/9 - (-8)/t. Is (-203)/(-3) - 2/k a composite number?
False
Let f be (-8)/24 - 5344/6. Is (-3 + 4)*-1*(f + 2) composite?
True
Let h be (-1 + 7)*6/12. Suppose -4*l = -h*l - 590. Let p = l + 971. Is p prime?
False
Let q be (3/(-3))/(-1)*-103. Let f = q + 282. Is f prime?
True
Suppose 2*z + 4*y = 7*y + 13, 4*z + 2*y = 2. Is (4/(-16))/(2382/1192 - z) prime?
True
Suppose 4441 + 18702 = s + 4*m, 5*s - 115715 = -4*m. Is s composite?
False
Let r(q) = -1063*q - 25. Let s = -47 + 41. Is r(s) composite?
False
Let b = 1163 + -160. Let n = b + -2258. Is n/(-5) + -1 + 1 a prime number?
True
Suppose 5*z - 5*b - 21965 = 0, 3*b - 7*b = 3*z - 13179. Is z composite?
True
Let s(d) be the third derivative of 59*d**4/24 + 3*d**3/2 - 30*d**2. Is s(10) a composite number?
False
Suppose -3*v + 1905 = -5*g, g + 0*v = -5*v - 409. Let a = g + 885. Is a a composite number?
True
Let h(a) = -77 + a - 264*a**2 + 3*a + 72. Let p be h(2). Let o = p + 1484. Is o a composite number?
False
Let j(h) = 148*h + 1. Let f(r) = 3*r - 8. Let l be f(3). Is j(l) a composite number?
False
Let f(c) = -c - 10. Let s be f(-10). Suppose 4*n = m + 1761, s = 3*n - 2*m - 979 - 348. Is n a prime number?
True
Is (2297*1/1)/((-64)/(-704)) a composite number?
True
Let j = -13 + 16. Suppose 0*z = -z + j. Suppose 76 + 54 = p - z*l, -2*l = -6. Is p prime?
True
Let n be 8*(1 + 9/(-4)). Let w be (1 + 0)/(7/(-84)). Is (n/(-3))/(w/(-198)) composite?
True
Let i(f) = -46*f**3 + 2*f**2 + 12*f - 23. Let u(d) = -47*d**3 + 3*d**2 + 13*d - 24. Let v(k) = -5*i(k) + 4*u(k). Is v(3) a prime number?
False
Let q(o) = -o**3 - o**2 - o - 2. Let i be q(-2). Suppose -33855 + 8719 = i*g. Is g/(-14) + 2/14 prime?
True
Let t(c) = -c**3 + 14*c**2 + 4*c - 21. Is t(14) composite?
True
Let b(z) = -31*z**2 - 3*z + 3. Let i be b(1). Let u = i - -37. Is u composite?
True
Let q = 1324 - 850. Suppose -4*d = -d - q. Is d a composite number?
True
Let t(u) = 13*u - 7. Let f be t(-8). Let j = 862 + f. Is j composite?
False
Suppose -12903 = -y + 5*c, -27*y - 5*c - 25796 = -29*y. Is y a prime number?
True
Suppose -12*c + 13*c = -2*j + 13350, -5*j + 4*c + 33401 = 0. Is j a composite number?
True
Is (-7218807)/254*(-1 - 1/(-3)) a composite number?
False
Let c = -9 - -7. Let m be -387*((-20)/(-6) + c). Is (-1 - m) + 1 + -1 a prime number?
False
Let i = 3059 - -10692. Is i composite?
False
Let q = -537 + 1166. Is q composite?
True
Suppose 5*t - 2*z = 13051, -8*z = -4*t - 7*z + 10439. Is t composite?
False
Let u(x) = x**3 - 10*x**2 + 3*x - 7. Suppose 2*a - 10 = 3*j, 3*j - 2*a + 3*a = 5. Suppose 4*h = -j*h + 40. Is u(h) a prime number?
True
Suppose -2*s = -3*a + 2, -2 = -a - 3*a + 2*s. Suppose a = 9*c - 7*c - 446. Is c a prime number?
True
Suppose 137*p - 5 = 132*p. Is p*(3045 - ((-2 - -3) + -3)) a prime number?
False
Let d be 4*(-2 - 20/(-4)). Suppose -d*m + 16*m = 5452. Is m composite?
True
Let z be 1 - ((-4)/(-4))/1. Suppose r - 57 - 200 = z. Is r a prime number?
True
Let r(a) = -82*a**3 + 2*a**2 - 2*a + 1. Let f be r(1). Let z = 130 - f. Is z prime?
True
Let c = -112 + 199. Suppose y - 34 = -h, c = 4*y + 5*h - 44. Is y composite?
True
Is 10/1 - (-10807 - 6) prime?
False
Let z(p) = -2605*p + 2. Let g be z(-1). Suppose 20*c = 23*c - g. Is c a composite number?
True
Suppose 5*f + 107 = 342. Let d be 2 + 18/(-4)*-4. Let s = d + f. Is s composite?
False
Suppose -i = i - 10. Suppose -3*a = -4*m - 126, i*a = 2*m - m + 193. Suppose 3*l = -5*w - 0*l + 182, -l - a = -w. Is w a composite number?
False
Let w(m) = 2*m - 12. Let l be w(8). Suppose 5*t = -2*q + 544, -q + l*t + 178 = -81. Is q a prime number?
False
Suppose 2*c - 6 = -0*c. Suppose -2*b = 4*p + 16, -5*p + 5*b + 4 = -c*p. Is ((-260)/(-8) + p)*10 composite?
True
Suppose -3*g = -8 - 58. Is (g/2)/((-8)/(-808)) prime?
False
Suppose -3*w + 981 = -2*x - 139, -w + 2230 = -4*x. Let c = x + 886. Is c a composite number?
True
Let q(k) be the second derivative of -7*k**3/2 - 15*k**2/2 + 3*k. Is q(-6) composite?
True
Let v be (-2)/8 - (0 + (-2931)/12). Let q = 497 - v. Is q a composite number?
True
Let x(y) = 2170*y - 529. Is x(3) prime?
True
Let d(i) = 2*i**2 + i. Let n be d(-1). Let b(m) = -m**3. Let h(c) = -2*c**3 + 7*c**2 - 6*c + 7. Let k(v) = n*h(v) - 3*b(v). Is k(-6) a prime number?
True
Let c be (-3050)/(-4)*(0 - -2). Suppose 4*p - c = 7743. Is p a composite number?
True
Suppose -3*p + 880 = 2*f, f = -4*p + 3*p + 292. Suppose 4*u - 302 = -2*n, 2*u + 4*n = -2*u + p. Is u composite?
True
Let o = 35132 + 76013. Is o a prime number?
False
Let r(v) be the first derivative of 4*v**3/3 + 9*v**2/2 - 3*v - 5. Is r(10) a prime number?
True
Let a = 1311 - 302. Suppose 2*p - a - 157 = 0. Is p a prime number?
False
Let q(k) = 2*k**3 + k**2. Let f be q(1). Suppose f*n - 576 = n. Su